2 + 7*s - 10. Let a(c) be the first derivative of i(c). Give a(3).
6
Let f(b) = b**2 - 8*b - 1. Let q be (16/5)/(8/20). What is f(q)?
-1
Let g be 8/3 - 1/(-3). Suppose 0 = -g*z + 22 - 7. Let q(a) = -11 + 3*a + 3*a - z*a - 2*a. Give q(-5).
-6
Let b(n) = -n**3 + n**2 + 2*n - 1. Let a be b(2). Let x(k) be the first derivative of -k**3/3 + k**2/2 + k - 2. Calculate x(a).
-1
Let s(j) = 11*j**2 - 1. Suppose 14*x - 9*x = 5. What is s(x)?
10
Let c(i) = -i + 1. Let g(r) = -r + 6. Let l be g(5). Let p(m) = -m - m + m**2 - l + 1. Let q be p(3). Calculate c(q).
-2
Let z = 32 - 32. Let b(a) = a**2 - a - 2. Give b(z).
-2
Suppose -3 + 5 = -2*t. Let z(s) = 3*s**3 - s**2 - s - 4. Let w(b) = 6*b**3 - 2*b**2 - 2*b - 7. Let r(f) = -4*w(f) + 7*z(f). Give r(t).
3
Let m(g) = -g**3 - 4*g**2 + 2*g + 1. Suppose 0*d = d - 2. Suppose 5*x + d*q + 18 = 0, -q + 2*q - 4 = 4*x. What is m(x)?
-11
Let i(b) = -2*b - 4. Let a be i(-3). Suppose a*z = 5*z + 15. Let o(c) = c + 1. What is o(z)?
-4
Let n(k) = 17*k - 16*k + 0 - 2. Let l = 2 + -4. Determine n(l).
-4
Let q(y) be the first derivative of y**5/60 + y**4/8 - y**3/6 + y**2 + 4. Let r(z) be the second derivative of q(z). What is r(-5)?
9
Suppose -18 = 7*z + 31. Let o(i) = 2*i + 7. Determine o(z).
-7
Let q(f) = f**3 - 4*f**2 + 2*f + 2. Let t(n) = -5*n**2. Let a be t(2). Let k = 23 + a. Calculate q(k).
-1
Let s = 1 - -3. Let i(o) be the third derivative of -o**2 + 0*o - o**3 + 0 + 1/24*o**4. Determine i(s).
-2
Suppose 4*a - 3 = 5. Let b(f) = -8*f + 5. Let o(k) = -2*k + 1. Let t(u) = a*b(u) - 9*o(u). Calculate t(4).
9
Let h(a) = 2*a - 5. Suppose 11 = -13*r - 54. Give h(r).
-15
Let p(k) = k + 4. Suppose -4*i + 12 = -8*i. Give p(i).
1
Let c(i) be the first derivative of -2*i**3/3 - 3*i**2/2 + 2*i - 29. What is c(3)?
-25
Let r(q) = -q**2 + 5*q + 1. Let v be r(5). Let s(h) = -5*h. Let w(f) be the third derivative of f**4/24 + 7*f**2. Let y(b) = s(b) + 2*w(b). Give y(v).
-3
Let q(s) = -s**2 + 20*s + 2. Let x be q(20). Let k(d) = 2*d**2 + 2*d. Calculate k(x).
12
Let c(z) be the first derivative of -5/4*z**4 + z + 3 + z**2 + 0*z**3. Suppose -3*y = 3 - 0. Give c(y).
4
Let o be (1/3)/(2/6). Let v(g) be the first derivative of -2*g**2 - g + 2. Give v(o).
-5
Let s(l) = l**3 + l**2 - 2*l. Suppose 90 = 3*c + 2*c. Let p = 16 - c. Give s(p).
0
Let c(f) be the second derivative of -f**4/12 - f**3/6 + 5*f**2/2 - 4*f. Let p be (-1 - -4)/3 + -5. What is c(p)?
-7
Let n = -9 + 1. Let a be (2 + n/3)*-3. Suppose x - 5 = 3*j, -x = 4*j - a*j - 5. Let h(r) = -r**2 + 4*r + 4. What is h(x)?
-1
Let q(l) = -4*l**2 + l - 1. Let w(y) = 2*y + 2. Let o be w(-2). Calculate q(o).
-19
Let n(y) = -y**2 - 4*y + 3. Suppose 3 = r - 2. Suppose -r*o + 18 = -4*z, -2*z = -5*o - 4*z + 6. Suppose o*s + 20 = -3*s. Determine n(s).
3
Suppose 0 = 3*q + 2*q - 115. Suppose 4*k + 7 = q. Let f(l) = -k - 2 - 2*l + 3*l. Give f(5).
-1
Suppose -7*f = -3*f - 40. Suppose 0 = 5*q - 10 - f. Suppose q*t = 8*t. Let h(v) = v**3 - v - 2. Give h(t).
-2
Suppose -10 = 2*q + 3*q, 0 = -5*j + 2*q - 11. Let z(r) = -r**2 + r + 2. Give z(j).
-10
Let b(l) = 12*l + 14. Let n(m) = 2*m + 1. Let p(t) = b(t) - 5*n(t). Determine p(-4).
1
Let k(q) = q**3 - 9*q**2 - 7*q - 3. Let s(a) = -5*a**3 + 46*a**2 + 35*a + 14. Let i(v) = 11*k(v) + 2*s(v). Give i(8).
3
Let v(z) = 2*z**2 - z - 1. Let b be (2/6)/((-1)/3). Let s = 4 + b. Suppose 2*q + s*q - 10 = 0. Determine v(q).
5
Let w(x) = -4*x + 3. Let c = -7 + 15. Let t(b) = b**2 - 2 - 3 - 1 - 7*b. Let q be t(c). Give w(q).
-5
Let b(y) = -y**3 - 1. Let m(k) = -3*k - 20. Let q be m(-8). Suppose 5 = q*w + 1. Calculate b(w).
-2
Let w(d) = -1 + 3*d + 2*d**2 + d - 3*d - 3*d. Let n be w(-1). Let j(b) = b**3 - 3*b**2 - b + 1. Calculate j(n).
-2
Let l be (14/(-8))/(((-7)/4)/(-7)). Let n(i) = -i - 5. Calculate n(l).
2
Suppose -8 = -2*z - 2*i, 2*z + 3*i + 8 = 5*i. Let h = z - 3. Let k be -5 + -3*h/9. Let w(d) = d + 1. What is w(k)?
-3
Let m(g) = -6*g**3. Let k = -5 - -6. Calculate m(k).
-6
Let m(h) be the second derivative of 1/2*h**4 + 1/20*h**5 + 9/2*h**2 + 0 - 7*h - 7/6*h**3. Calculate m(-7).
9
Let b be (-4)/14*(-133)/38. Let l(q) = 4*q**2. Determine l(b).
4
Let s(i) = i**3 - 5*i**2 - 2*i + 3. Let c(k) = -4*k**3 + k**2 + k + 1. Let d be c(-1). Determine s(d).
-7
Let q be 14 + -3 + 0 - 0. Let c(s) = 4*s - 5*s + q + 0*s + 0*s. Calculate c(5).
6
Let y(l) = 5*l**2 - 2*l - 1. Suppose 0 = -2*x - 4*n, 24 = 3*x - 5*x + 2*n. Let o(v) = -3*v**2 + v + 1. Let r(b) = x*o(b) - 5*y(b). Give r(2).
-3
Let d(a) = a**2 - 9*a - 1. Let x(c) = -c + 5. Let o be x(-4). Let k be d(o). Let v = k - -2. Let y(j) = -4*j**3 - 2*j + 1. Give y(v).
-5
Suppose -2*z + 10 = z + 4*v, -4*z - 3*v = -11. Let u = z - -3. Let d(y) = -y**3 + 4*y**2 + 5*y - 1. Calculate d(u).
-1
Let p(g) be the first derivative of -7*g - 8 - 3*g**2 - 1/3*g**3. Give p(-5).
-2
Let a be (-3 - -5) + 0/3. Suppose 0 = -v + a*v. Suppose 0*u + 5*u - 3*f + 9 = v, 0 = -2*u + 3*f. Let t(h) = h**2 + 4*h + 3. Determine t(u).
0
Let h(g) be the third derivative of g**5/60 + 7*g**4/24 - 5*g**3/6 + 18*g**2. Determine h(-7).
-5
Let g(v) be the second derivative of -v + 1/2*v**2 + 1/3*v**3 + 0. Determine g(-3).
-5
Suppose -4 = 2*y - 3*y. Suppose 0 = -4*q + y*z, -2*q - 5*z + 10 + 11 = 0. Let j(l) = -7 + 7 - 2*l - q*l**2. Give j(-2).
-8
Let y(h) = h + 2. Suppose 0 = -u - 1 + 3. Suppose 2*f + 7 = -3*j, 0*f - u*f - 9 = 5*j. Let q be (-5)/2*(4 + f). What is y(q)?
-3
Let i(j) = -j - 1. Let t be i(2). Let l = 0 - t. Suppose l*d = 4*d + 1. Let g(y) = 3*y**2 + 2*y + 1. Determine g(d).
2
Let q(j) = -3*j - 1. Let s(o) = 4*o + 1. Let a be 1/(-1 + 18/21). Let y(p) = a*q(p) - 5*s(p). What is y(4)?
6
Suppose f - r + 3 = 0, -8 - 27 = -5*f - 5*r. Let v(l) = -l - 5 + l**f + 8 + 6*l. Calculate v(-3).
-3
Let f(p) = -10*p + 2. Let q(n) = 2*n - 6*n + 1 + 2*n - 3*n. Let d(h) = 6*f(h) - 13*q(h). Suppose a = 3*a + 2. Calculate d(a).
-6
Suppose g - 2 = 2. Let d(s) = -9*s + 3. Let y(p) = -8*p + 3. Let n(h) = g*y(h) - 3*d(h). Let z = 4 - 2. Calculate n(z).
-7
Let d = -18 + 23. Let z be d + 12/((-8)/2). Let p(l) = l + 2. What is p(z)?
4
Let z(h) = -h**3 + 8*h**2 - 7*h + 4. Let i = -114 - -121. Give z(i).
4
Let u(r) be the first derivative of 1 + 3*r + 5/2*r**2. What is u(-2)?
-7
Let v(k) = -4 + 5 + 2*k**2 - 1 + k. What is v(1)?
3
Let l(d) = -35*d**2 - 39*d**2 + 113*d**2 - 41*d**2. Calculate l(-2).
-8
Suppose -6*m + 149 = 53. Let t be m/(-20) - 18/(-10). Let v(g) = 4*g. Calculate v(t).
4
Let z(w) = w. Let g be (-12)/(-1 + 0/(-3)). Let t = -4 + g. Let p = 6 - t. Determine z(p).
-2
Let l(h) = -h**2 - 12*h + 2. Let s(k) = -k + 1. Let z(f) = -l(f) + 5*s(f). Let q be z(-7). Suppose 0*x = -q*x. Let g(c) = c**2 - c - 6. What is g(x)?
-6
Suppose -o = 2*o. Let c(f) be the third derivative of f**6/120 - 5*f**3/6 + 3*f**2. What is c(o)?
-5
Suppose -19*q - 42*q = 305. Let m(v) be the first derivative of -v**2/2 - 1. Let z(k) = 3*k - 2. Let b(u) = 4*m(u) + z(u). Determine b(q).
3
Let y(s) be the second derivative of 2*s + 0 + 0*s**2 + 1/2*s**3. Determine y(1).
3
Let m(h) = -12*h**3 + 2*h**2 - h. Suppose a = -4*z - 19, 5*a + 6 + 9 = -4*z. Give m(a).
-11
Let m(r) be the third derivative of -r**6/720 + r**4/4 - 3*r**2. Let q(d) be the second derivative of m(d). Determine q(5).
-5
Let i(k) = k**2 - 5*k + 2. Let m(a) = a**2 + 24*a - 22. Let j be m(-25). Calculate i(j).
-4
Suppose w = 1, 4*w - 22 = -2*r + 5*r. Let v(l) = l**2 + 6*l - 3. Let g be v(r). Let m(u) = 5 + 2*u + 0*u**2 - 8 + 7 + u**2. Calculate m(g).
7
Let o(b) = -3*b**2 + 9*b - 1. Let h(t) = -4*t**2 + 10*t - 2. Suppose 0 = 12*i - 8*i + 12. Let m(z) = i*o(z) + 2*h(z). What is m(6)?
-7
Let r(m) be the second derivative of -m**5/20 + 5*m**2/2 + 16*m. What is r(0)?
5
Let k(v) be the second derivative of v**3/6 + v**2 + 56*v. Give k(-4).
-2
Let u(f) = -3*f - 2 - 3*f - 6 - 2*f - f**3 + 10*f**2. Give u(9).
1
Let y(o) = -1 + 5*o**2 + 6*o + 0 + 0*o - o**3 - 4. Calculate y(6).
-5
Let z = 2 - -1. Let t(d) = -d + 2 - z*d - 1. Calculate t(-2).
9
Suppose 4*w + 0*c + 4*c = 44, c + 13 = 2*w. Let k = -6 + w. Suppose -3*d + k*d - 3 = 0. Let h(q) = q - 1. Calculate h(d).
-4
Let a = 6 + -7. Let f = a + 4. Let p(c) = -3*c + 2. Determine p(f).
-7
Let w be 136/(-22) - 4/(-22). Let y be (-6)/(-9) + 4/w. Suppose -2*d + 5*d - 3 = y. Let v(j) = j**3 - j**2 + 2*j - 1